{"id":721,"date":"2020-04-23T18:21:32","date_gmt":"2020-04-23T17:21:32","guid":{"rendered":"http:\/\/www.esquisses.eu\/revue\/?page_id=721"},"modified":"2024-01-03T15:20:10","modified_gmt":"2024-01-03T14:20:10","slug":"lesquisse-et-lindecis","status":"publish","type":"page","link":"https:\/\/www.esquisses.eu\/revue\/thematique\/lesquisse-et-lindecis\/","title":{"rendered":"L&rsquo;esquisse et l&rsquo;ind\u00e9cis"},"content":{"rendered":"\n<p>Dans le croisement des recherches men\u00e9es par les doctorants en Esth\u00e9tique \u00e0 l&rsquo;Universit\u00e9 Paul Val\u00e9ry de Montpellier, il appara\u00eet qu&rsquo;un th\u00e8me transversal se fait jour autour de la notion d&rsquo;<em>ind\u00e9cis<\/em>, notion qui permet d&rsquo;instaurer un dialogue&nbsp;entre&nbsp;la peinture, l&rsquo;installation et la po\u00e9sie. Dans le prolongement de Verlaine pour qui&nbsp;<em>ind\u00e9cis<\/em> et <em>pr\u00e9cis<\/em> se joignent et pr\u00e9f\u00e8rent l&rsquo;impair<a href=\"#_ftn1\">[1]<\/a>, une journ\u00e9e d&rsquo;\u00e9tude mettra en regard cette notion avec celle d&rsquo;<em>esquisse<\/em> dans l&rsquo;espace po\u00e9tique et artistique.<\/p>\n\n\n\n<p>Un temps d&rsquo;\u00e9change \u00e9tait ainsi propos\u00e9 entre esth\u00e9tique, psychanalyse, philosophie, po\u00e9sie et art sur les notions de l&rsquo;esquisse et de l&rsquo;ind\u00e9cis.<\/p>\n\n\n\n<p><strong>Note argumentative:<\/strong><\/p>\n\n\n\n<p>L&rsquo;esquisse comme geste premier de l&rsquo;\u00e9mergence de l\u2019\u0153uvre ouvre le regard sur le potentiel, le virtuel, l\u2019ind\u00e9cis. La main posant la trace sur la feuille ne cesse de se rejouer en qu\u00eate d\u2019ach\u00e8vement sans pourtant pouvoir d\u00e9finir le trait, la forme. Cette d\u00e9-finition offre au regard pos\u00e9 sur lui un nouvel ind\u00e9cis&nbsp;: l\u2019\u0153il en miroir invers\u00e9 de la main. <\/p>\n\n\n\n<p>Seul\nl&rsquo;\u00e9clair du verbe peut apporter la clart\u00e9 qui distingue le fond et la forme,\nmais n&rsquo;abolit pas l&rsquo;obscurit\u00e9 du doute dans lequel l&rsquo;image est toujours jet\u00e9e \u00e0\nnouveau.<\/p>\n\n\n\n<hr class=\"wp-block-separator\"\/>\n\n\n\n<p><a href=\"#_ftnref1\">[1]<\/a>&nbsp;&nbsp;&nbsp; P. VERLAINE : <em>L&rsquo;Art po\u00e9tique,<\/em>\n1874<\/p>\n\n\n\n<figure class=\"wp-block-image\"><img data-attachment-id=\"767\" data-permalink=\"https:\/\/www.esquisses.eu\/revue\/affiche-colloque\/\" data-orig-file=\"https:\/\/i0.wp.com\/www.esquisses.eu\/revue\/wp-content\/uploads\/2020\/04\/Affiche-colloque.jpg?fit=3507%2C4960&amp;ssl=1\" data-orig-size=\"3507,4960\" data-comments-opened=\"0\" data-image-meta=\"{&quot;aperture&quot;:&quot;0&quot;,&quot;credit&quot;:&quot;&quot;,&quot;camera&quot;:&quot;&quot;,&quot;caption&quot;:&quot;&quot;,&quot;created_timestamp&quot;:&quot;0&quot;,&quot;copyright&quot;:&quot;&quot;,&quot;focal_length&quot;:&quot;0&quot;,&quot;iso&quot;:&quot;0&quot;,&quot;shutter_speed&quot;:&quot;0&quot;,&quot;title&quot;:&quot;&quot;,&quot;orientation&quot;:&quot;0&quot;}\" data-image-title=\"Affiche du colloque \u00ab\u00a0L&amp;rsquo;esquisse et l&amp;rsquo;ind\u00e9cis\u00a0\u00bb\" data-image-description=\"\" data-image-caption=\"\" data-medium-file=\"https:\/\/i0.wp.com\/www.esquisses.eu\/revue\/wp-content\/uploads\/2020\/04\/Affiche-colloque.jpg?fit=212%2C300&amp;ssl=1\" data-large-file=\"https:\/\/i0.wp.com\/www.esquisses.eu\/revue\/wp-content\/uploads\/2020\/04\/Affiche-colloque.jpg?fit=724%2C1024&amp;ssl=1\" decoding=\"async\" loading=\"lazy\" width=\"724\" height=\"1024\" src=\"https:\/\/i0.wp.com\/www.esquisses.eu\/revue\/wp-content\/uploads\/2020\/04\/Affiche-colloque.jpg?resize=724%2C1024&#038;ssl=1\" alt=\"\" class=\"wp-image-767\" srcset=\"https:\/\/i0.wp.com\/www.esquisses.eu\/revue\/wp-content\/uploads\/2020\/04\/Affiche-colloque.jpg?resize=724%2C1024&amp;ssl=1 724w, https:\/\/i0.wp.com\/www.esquisses.eu\/revue\/wp-content\/uploads\/2020\/04\/Affiche-colloque.jpg?resize=212%2C300&amp;ssl=1 212w, https:\/\/i0.wp.com\/www.esquisses.eu\/revue\/wp-content\/uploads\/2020\/04\/Affiche-colloque.jpg?resize=768%2C1086&amp;ssl=1 768w, https:\/\/i0.wp.com\/www.esquisses.eu\/revue\/wp-content\/uploads\/2020\/04\/Affiche-colloque.jpg?w=2000&amp;ssl=1 2000w, https:\/\/i0.wp.com\/www.esquisses.eu\/revue\/wp-content\/uploads\/2020\/04\/Affiche-colloque.jpg?w=3000&amp;ssl=1 3000w\" sizes=\"(max-width: 724px) 100vw, 724px\" data-recalc-dims=\"1\" \/><\/figure>\n\n\n\n<figure class=\"wp-block-image\"><img data-attachment-id=\"768\" data-permalink=\"https:\/\/www.esquisses.eu\/revue\/programme-esquisse-indecis-copie-21\/\" data-orig-file=\"https:\/\/i0.wp.com\/www.esquisses.eu\/revue\/wp-content\/uploads\/2020\/04\/Programme-Esquisse-Indecis-copie-21.jpg?fit=1240%2C1754&amp;ssl=1\" data-orig-size=\"1240,1754\" data-comments-opened=\"0\" data-image-meta=\"{&quot;aperture&quot;:&quot;0&quot;,&quot;credit&quot;:&quot;&quot;,&quot;camera&quot;:&quot;&quot;,&quot;caption&quot;:&quot;&quot;,&quot;created_timestamp&quot;:&quot;0&quot;,&quot;copyright&quot;:&quot;&quot;,&quot;focal_length&quot;:&quot;0&quot;,&quot;iso&quot;:&quot;0&quot;,&quot;shutter_speed&quot;:&quot;0&quot;,&quot;title&quot;:&quot;&quot;,&quot;orientation&quot;:&quot;0&quot;}\" data-image-title=\"Programme Esquisse Indecis &#8211; copie 2(1)\" data-image-description=\"\" data-image-caption=\"\" data-medium-file=\"https:\/\/i0.wp.com\/www.esquisses.eu\/revue\/wp-content\/uploads\/2020\/04\/Programme-Esquisse-Indecis-copie-21.jpg?fit=212%2C300&amp;ssl=1\" data-large-file=\"https:\/\/i0.wp.com\/www.esquisses.eu\/revue\/wp-content\/uploads\/2020\/04\/Programme-Esquisse-Indecis-copie-21.jpg?fit=724%2C1024&amp;ssl=1\" decoding=\"async\" loading=\"lazy\" width=\"724\" height=\"1024\" src=\"https:\/\/i0.wp.com\/www.esquisses.eu\/revue\/wp-content\/uploads\/2020\/04\/Programme-Esquisse-Indecis-copie-21.jpg?resize=724%2C1024&#038;ssl=1\" alt=\"\" class=\"wp-image-768\" srcset=\"https:\/\/i0.wp.com\/www.esquisses.eu\/revue\/wp-content\/uploads\/2020\/04\/Programme-Esquisse-Indecis-copie-21.jpg?resize=724%2C1024&amp;ssl=1 724w, https:\/\/i0.wp.com\/www.esquisses.eu\/revue\/wp-content\/uploads\/2020\/04\/Programme-Esquisse-Indecis-copie-21.jpg?resize=212%2C300&amp;ssl=1 212w, https:\/\/i0.wp.com\/www.esquisses.eu\/revue\/wp-content\/uploads\/2020\/04\/Programme-Esquisse-Indecis-copie-21.jpg?resize=768%2C1086&amp;ssl=1 768w, https:\/\/i0.wp.com\/www.esquisses.eu\/revue\/wp-content\/uploads\/2020\/04\/Programme-Esquisse-Indecis-copie-21.jpg?w=1240&amp;ssl=1 1240w\" sizes=\"(max-width: 724px) 100vw, 724px\" data-recalc-dims=\"1\" \/><\/figure>\n\n\n\n<p>Les textes recueillis ici sont issus du colloque qui a eu lieu les 18 et 19 octobre 2018 \u00e0 l&rsquo;universit\u00e9 Paul Val\u00e9ry Montpellier 3<\/p>\n\n\n\n<figure class=\"wp-block-embed is-type-rich is-provider-esquisses\"><div class=\"wp-block-embed__wrapper\">\n<blockquote class=\"wp-embedded-content\" data-secret=\"hBH8pSqy68\"><a href=\"https:\/\/www.esquisses.eu\/revue\/errance-et-creation-lucille-breard\/\">Errance et cr\u00e9ation &#8211; Lucille Br\u00e9ard<\/a><\/blockquote><iframe class=\"wp-embedded-content\" sandbox=\"allow-scripts\" security=\"restricted\" style=\"position: absolute; clip: rect(1px, 1px, 1px, 1px);\" src=\"https:\/\/www.esquisses.eu\/revue\/errance-et-creation-lucille-breard\/embed\/#?secret=hBH8pSqy68\" data-secret=\"hBH8pSqy68\" width=\"600\" height=\"338\" title=\"\u00ab\u00a0Errance et cr\u00e9ation &#8211; Lucille Br\u00e9ard\u00a0\u00bb &#8212; Esquisses\" frameborder=\"0\" marginwidth=\"0\" marginheight=\"0\" scrolling=\"no\"><\/iframe>\n<\/div><\/figure>\n\n\n\n<figure class=\"wp-block-embed is-type-rich is-provider-esquisses\"><div class=\"wp-block-embed__wrapper\">\n<blockquote class=\"wp-embedded-content\" data-secret=\"zY0MZsK2Wo\"><a href=\"https:\/\/www.esquisses.eu\/revue\/effacer-le-poeme-afin-de-vraiment-lecrire-mylene-duc\/\">Effacer le po\u00e8me afin de vraiment l\u2019\u00e9crire &#8211; Myl\u00e8ne Duc<\/a><\/blockquote><iframe class=\"wp-embedded-content\" sandbox=\"allow-scripts\" security=\"restricted\" style=\"position: absolute; clip: rect(1px, 1px, 1px, 1px);\" src=\"https:\/\/www.esquisses.eu\/revue\/effacer-le-poeme-afin-de-vraiment-lecrire-mylene-duc\/embed\/#?secret=zY0MZsK2Wo\" data-secret=\"zY0MZsK2Wo\" width=\"600\" height=\"338\" title=\"\u00ab\u00a0Effacer le po\u00e8me afin de vraiment l\u2019\u00e9crire &#8211; Myl\u00e8ne Duc\u00a0\u00bb &#8212; Esquisses\" frameborder=\"0\" marginwidth=\"0\" marginheight=\"0\" scrolling=\"no\"><\/iframe>\n<\/div><\/figure>\n\n\n\n<figure class=\"wp-block-embed is-type-rich is-provider-esquisses\"><div class=\"wp-block-embed__wrapper\">\n<blockquote class=\"wp-embedded-content\" data-secret=\"9uzFoGAldP\"><a href=\"https:\/\/www.esquisses.eu\/revue\/lesquisse-ou-le-dessin-evanescent-dans-la-poesie-de-sylvia-plath\/\">L&rsquo;esquisse ou le dessin \u00e9vanescent dans la po\u00e9sie de Sylvia Plath<\/a><\/blockquote><iframe class=\"wp-embedded-content\" sandbox=\"allow-scripts\" security=\"restricted\" style=\"position: absolute; clip: rect(1px, 1px, 1px, 1px);\" src=\"https:\/\/www.esquisses.eu\/revue\/lesquisse-ou-le-dessin-evanescent-dans-la-poesie-de-sylvia-plath\/embed\/#?secret=9uzFoGAldP\" data-secret=\"9uzFoGAldP\" width=\"600\" height=\"338\" title=\"\u00ab\u00a0L&rsquo;esquisse ou le dessin \u00e9vanescent dans la po\u00e9sie de Sylvia Plath\u00a0\u00bb &#8212; Esquisses\" frameborder=\"0\" marginwidth=\"0\" marginheight=\"0\" scrolling=\"no\"><\/iframe>\n<\/div><\/figure>\n\n\n\n<figure class=\"wp-block-embed is-type-rich is-provider-esquisses\"><div class=\"wp-block-embed__wrapper\">\n<blockquote class=\"wp-embedded-content\" data-secret=\"zlUDNkuClY\"><a href=\"https:\/\/www.esquisses.eu\/revue\/percevoir-en-esquisses-paul-ducros\/\">Percevoir en esquisses &#8211; Paul Ducros<\/a><\/blockquote><iframe class=\"wp-embedded-content\" sandbox=\"allow-scripts\" security=\"restricted\" style=\"position: absolute; clip: rect(1px, 1px, 1px, 1px);\" src=\"https:\/\/www.esquisses.eu\/revue\/percevoir-en-esquisses-paul-ducros\/embed\/#?secret=zlUDNkuClY\" data-secret=\"zlUDNkuClY\" width=\"600\" height=\"338\" title=\"\u00ab\u00a0Percevoir en esquisses &#8211; Paul Ducros\u00a0\u00bb &#8212; Esquisses\" frameborder=\"0\" marginwidth=\"0\" marginheight=\"0\" scrolling=\"no\"><\/iframe>\n<\/div><\/figure>\n\n\n\n<figure class=\"wp-block-embed is-type-rich is-provider-esquisses\"><div class=\"wp-block-embed__wrapper\">\n<blockquote class=\"wp-embedded-content\" data-secret=\"uoZ4myd1SX\"><a href=\"https:\/\/www.esquisses.eu\/revue\/a-rebours-de-la-forme-lanamorphose-pauline-desiderio\/\">\u00c0 rebours de la forme, l&rsquo;anamorphose &#8211; Pauline Desiderio<\/a><\/blockquote><iframe class=\"wp-embedded-content\" sandbox=\"allow-scripts\" security=\"restricted\" style=\"position: absolute; clip: rect(1px, 1px, 1px, 1px);\" src=\"https:\/\/www.esquisses.eu\/revue\/a-rebours-de-la-forme-lanamorphose-pauline-desiderio\/embed\/#?secret=uoZ4myd1SX\" data-secret=\"uoZ4myd1SX\" width=\"600\" height=\"338\" title=\"\u00ab\u00a0\u00c0 rebours de la forme, l&rsquo;anamorphose &#8211; Pauline Desiderio\u00a0\u00bb &#8212; Esquisses\" frameborder=\"0\" marginwidth=\"0\" marginheight=\"0\" scrolling=\"no\"><\/iframe>\n<\/div><\/figure>\n\n\n\n<figure class=\"wp-block-embed is-type-rich is-provider-esquisses\"><div class=\"wp-block-embed__wrapper\">\n<blockquote class=\"wp-embedded-content\" data-secret=\"kzLM1K7nti\"><a href=\"https:\/\/www.esquisses.eu\/revue\/dessin-fugace-insaisissable-figure-karin-espinosa\/\">Dessin fugace, insaisissable figure &#8211; Karin Espinosa<\/a><\/blockquote><iframe class=\"wp-embedded-content\" sandbox=\"allow-scripts\" security=\"restricted\" style=\"position: absolute; clip: rect(1px, 1px, 1px, 1px);\" src=\"https:\/\/www.esquisses.eu\/revue\/dessin-fugace-insaisissable-figure-karin-espinosa\/embed\/#?secret=kzLM1K7nti\" data-secret=\"kzLM1K7nti\" width=\"600\" height=\"338\" title=\"\u00ab\u00a0Dessin fugace, insaisissable figure &#8211; Karin Espinosa\u00a0\u00bb &#8212; Esquisses\" frameborder=\"0\" marginwidth=\"0\" marginheight=\"0\" scrolling=\"no\"><\/iframe>\n<\/div><\/figure>\n","protected":false},"excerpt":{"rendered":"<p>Dans le croisement des recherches men\u00e9es par les doctorants en Esth\u00e9tique \u00e0 l&rsquo;Universit\u00e9 Paul Val\u00e9ry de Montpellier, il appara\u00eet qu&rsquo;un th\u00e8me transversal se fait jour autour de la notion d&rsquo;ind\u00e9cis, notion qui permet d&rsquo;instaurer un dialogue&nbsp;entre&nbsp;la peinture, l&rsquo;installation et la po\u00e9sie. Dans le prolongement de Verlaine pour qui&nbsp;ind\u00e9cis et pr\u00e9cis se joignent et pr\u00e9f\u00e8rent l&rsquo;impair[1], [&hellip;]<\/p>\n","protected":false},"author":6,"featured_media":0,"parent":28,"menu_order":4,"comment_status":"closed","ping_status":"closed","template":"","meta":{"jetpack_post_was_ever_published":false},"jetpack_sharing_enabled":true,"jetpack_shortlink":"https:\/\/wp.me\/P8FFEZ-bD","jetpack-related-posts":[{"id":28,"url":"https:\/\/www.esquisses.eu\/revue\/thematique\/","url_meta":{"origin":721,"position":0},"title":"Th\u00e9matiques","author":"Administrateur","date":"10 juin 2015","format":false,"excerpt":"La page Th\u00e9matiques de cette revue pr\u00e9sente une multiplicit\u00e9 de textes, choisis pour cr\u00e9er un croisement sur un m\u00eame th\u00e8me, un miroir kal\u00e9idoscopique comme autant de visions singuli\u00e8res afin de d\u00e9ployer l'esquisse d'un cheminement transdisciplinaire. Souffle, la septi\u00e8me th\u00e9matique, a inspir\u00e9 musiciens, plasticiens, po\u00e8tes et amis des lettres. Novembre 2025.\u2026","rel":"","context":"Avec 1 commentaire","block_context":{"text":"Avec 1 commentaire","link":"https:\/\/www.esquisses.eu\/revue\/thematique\/#comments"},"img":{"alt_text":"","src":"","width":0,"height":0},"classes":[]},{"id":4,"url":"https:\/\/www.esquisses.eu\/revue\/presentation\/","url_meta":{"origin":721,"position":1},"title":"Pr\u00e9sentation","author":"Administrateur","date":"10 juin 2015","format":false,"excerpt":"Esquisses, en mouvement Manifeste Une revue en ligne et quelques fois en papierUn espace \u00e0 la crois\u00e9e des chemins inexplor\u00e9s, in(d\u00e9)finis,o\u00f9 viennent s\u2019\u00e9baucher des textes, des \u0153uvres plastiques, musicales,cin\u00e9matographiques, sous toutes leurs formes, dans un geste cr\u00e9atifessentiel, dans le flux qui l\u2019anime.Un espace en miroir, inachev\u00e9, ouvert,o\u00f9 viennent se refl\u00e9ter,\u2026","rel":"","context":"Avec 2 commentaires","block_context":{"text":"Avec 2 commentaires","link":"https:\/\/www.esquisses.eu\/revue\/presentation\/#comments"},"img":{"alt_text":"","src":"","width":0,"height":0},"classes":[]},{"id":1485,"url":"https:\/\/www.esquisses.eu\/revue\/thematique\/meta-%ce%bc%ce%b5%cf%84%ce%ac\/","url_meta":{"origin":721,"position":2},"title":"Meta, \u03bc\u03b5\u03c4\u03ac","author":"Administrateur","date":"30 septembre 2024","format":false,"excerpt":"Au-del\u00e0, apr\u00e8s Meta, \u03bc\u03b5\u03c4\u03ac est la sixi\u00e8me th\u00e9matique de la revue, pens\u00e9e comme un renouveau \u00e0 l'heure o\u00f9 est retrac\u00e9e une ligne \u00e9ditoriale se voulant toujours plus proche du mouvement en cr\u00e9ation de la pens\u00e9e et revendiquant la pluralit\u00e9 des approches. Si le terme est aujourd'hui \u00e0 la mode, notamment\u2026","rel":"","context":"Article similaire","block_context":{"text":"Article similaire","link":""},"img":{"alt_text":"","src":"https:\/\/i0.wp.com\/www.esquisses.eu\/revue\/wp-content\/uploads\/2023\/08\/Fond_blanc.png?resize=350%2C200&ssl=1","width":350,"height":200},"classes":[]},{"id":223,"url":"https:\/\/www.esquisses.eu\/revue\/thematique\/frontieres-et-limites\/","url_meta":{"origin":721,"position":3},"title":"Fronti\u00e8res et Limites","author":"Administrateur","date":"28 avril 2017","format":false,"excerpt":"Limites et Fronti\u00e8res En les lisant, en les pronon\u00e7ant, ces deux mots laissent aussit\u00f4t \u00e9merger une vision d\u2019emp\u00eachement, d\u2019interdit, de s\u00e9paration et, par ailleurs, ils amorcent d\u00e9j\u00e0 un mouvement contraire et compl\u00e9mentaire, celui de l\u2019incitation, de l\u2019autorisation, d\u2019une transition, du lien entre le moi et l\u2019autre. Ainsi, ce va-et-vient \u00e9claire\u2026","rel":"","context":"Article similaire","block_context":{"text":"Article similaire","link":""},"img":{"alt_text":"","src":"","width":0,"height":0},"classes":[]},{"id":2674,"url":"https:\/\/www.esquisses.eu\/revue\/thematique\/souffle\/","url_meta":{"origin":721,"position":4},"title":"Souffle","author":"Administrateur","date":"10 novembre 2025","format":false,"excerpt":"Esquisses \u2013 en mouvement s'enrichit ce mois de novembre 2025 d'une septi\u00e8me th\u00e9matique\u00a0:\u00a0Souffle. D\u2019une puissance po\u00e9tique certaine, Souffle a inspir\u00e9 autant d\u2019approches cr\u00e9atrices \u2013 po\u00e8mes, sculptures, musique, feuillets d'artiste, photographies \u2013 que d\u2019approches litt\u00e9raires \u2013 \u00e9tudes d\u2019\u00e9critures, analyses d\u2019un roman, d\u2019une pi\u00e8ce de th\u00e9\u00e2tre, d\u2019\u0153uvres po\u00e9tiques. Cette richesse de perspectives\u2026","rel":"","context":"Article similaire","block_context":{"text":"Article similaire","link":""},"img":{"alt_text":"","src":"https:\/\/i0.wp.com\/www.esquisses.eu\/revue\/wp-content\/uploads\/2025\/10\/Fond_blanc-3.png?resize=350%2C200&ssl=1","width":350,"height":200},"classes":[]},{"id":16,"url":"https:\/\/www.esquisses.eu\/revue\/textes-inedits\/","url_meta":{"origin":721,"position":5},"title":"Textes in\u00e9dits","author":"Administrateur","date":"10 juin 2015","format":false,"excerpt":"Les textes in\u00e9dits sont pour la plupart le prolongement des conf\u00e9rences tenues dans l'\u00e9quipe de recherche en esth\u00e9tique au sein de l'Universit\u00e9 Paul Val\u00e9ry. http:\/\/www.esquisses.eu\/revue\/anny-chastang-meduse-ou-la-lettre-interdite-1990\/ http:\/\/www.esquisses.eu\/revue\/jean-oury-vie-quotidienne-rythme-et-presence-1986\/ http:\/\/www.esquisses.eu\/revue\/marc-richir-vie-et-mort-en-phenomenologie\/","rel":"","context":"Article similaire","block_context":{"text":"Article similaire","link":""},"img":{"alt_text":"","src":"","width":0,"height":0},"classes":[]}],"_links":{"self":[{"href":"https:\/\/www.esquisses.eu\/revue\/wp-json\/wp\/v2\/pages\/721"}],"collection":[{"href":"https:\/\/www.esquisses.eu\/revue\/wp-json\/wp\/v2\/pages"}],"about":[{"href":"https:\/\/www.esquisses.eu\/revue\/wp-json\/wp\/v2\/types\/page"}],"author":[{"embeddable":true,"href":"https:\/\/www.esquisses.eu\/revue\/wp-json\/wp\/v2\/users\/6"}],"replies":[{"embeddable":true,"href":"https:\/\/www.esquisses.eu\/revue\/wp-json\/wp\/v2\/comments?post=721"}],"version-history":[{"count":10,"href":"https:\/\/www.esquisses.eu\/revue\/wp-json\/wp\/v2\/pages\/721\/revisions"}],"predecessor-version":[{"id":834,"href":"https:\/\/www.esquisses.eu\/revue\/wp-json\/wp\/v2\/pages\/721\/revisions\/834"}],"up":[{"embeddable":true,"href":"https:\/\/www.esquisses.eu\/revue\/wp-json\/wp\/v2\/pages\/28"}],"wp:attachment":[{"href":"https:\/\/www.esquisses.eu\/revue\/wp-json\/wp\/v2\/media?parent=721"}],"curies":[{"name":"wp","href":"https:\/\/api.w.org\/{rel}","templated":true}]}}